ctors of 9459130.
2, 5, 211, 4483
List the prime factors of 13717868.
2, 73, 109, 431
List the prime factors of 861488.
2, 23, 2341
List the prime factors of 4238996.
2, 1059749
What are the prime factors of 263529?
3, 7, 47, 89
What are the prime factors of 4353112?
2, 544139
List the prime factors of 11109929.
29, 383101
What are the prime factors of 801475?
5, 32059
What are the prime factors of 1910051?
11, 13, 19, 37
What are the prime factors of 371286?
2, 3, 20627
What are the prime factors of 697327?
697327
What are the prime factors of 9257903?
71, 83, 1571
List the prime factors of 9070333.
17, 533549
List the prime factors of 3221398.
2, 17, 94747
List the prime factors of 119191.
119191
What are the prime factors of 124328?
2, 15541
List the prime factors of 29212.
2, 67, 109
List the prime factors of 710504.
2, 88813
List the prime factors of 134002.
2, 11, 6091
List the prime factors of 8731149.
3, 7, 17, 37, 661
What are the prime factors of 1977077?
1977077
List the prime factors of 5584023.
3, 43, 47, 307
List the prime factors of 583165.
5, 11, 23, 461
What are the prime factors of 383301?
3, 42589
What are the prime factors of 17395008?
2, 3, 90599
List the prime factors of 315399.
3, 7, 23, 653
List the prime factors of 124297.
124297
List the prime factors of 1609225.
5, 59, 1091
What are the prime factors of 47748?
2, 3, 23, 173
List the prime factors of 67003.
67003
What are the prime factors of 4198059?
3, 466451
What are the prime factors of 17788818?
2, 3, 383, 7741
List the prime factors of 4648216.
2, 479, 1213
What are the prime factors of 31453024?
2, 661, 1487
What are the prime factors of 548409?
3, 182803
What are the prime factors of 121579?
121579
List the prime factors of 394307.
19, 20753
What are the prime factors of 179813?
179813
List the prime factors of 115333.
29, 41, 97
What are the prime factors of 87463?
149, 587
What are the prime factors of 8918217?
3, 7, 11, 17, 757
List the prime factors of 18210038.
2, 7, 11, 118247
List the prime factors of 1343743.
1343743
List the prime factors of 880357.
47, 18731
What are the prime factors of 63192?
2, 3, 2633
What are the prime factors of 1900220?
2, 5, 7, 277
What are the prime factors of 1103906?
2, 73, 7561
What are the prime factors of 402738?
2, 3, 7, 43, 223
List the prime factors of 194250.
2, 3, 5, 7, 37
What are the prime factors of 5411868?
2, 3, 7, 11, 5857
What are the prime factors of 717987?
3, 239329
What are the prime factors of 554315?
5, 110863
List the prime factors of 6298502.
2, 7, 41, 10973
List the prime factors of 244505.
5, 79, 619
List the prime factors of 209608.
2, 7, 19, 197
List the prime factors of 2394977.
13, 17, 10837
List the prime factors of 4641408.
2, 3, 17, 79
List the prime factors of 9152640.
2, 3, 5, 7, 227
What are the prime factors of 6169793?
7, 17, 139, 373
What are the prime factors of 1204243?
1204243
What are the prime factors of 23752027?
13, 83, 22013
What are the prime factors of 1901571?
3, 7, 23, 31, 127
List the prime factors of 26728624.
2, 13, 17, 7559
What are the prime factors of 5388825?
3, 5, 13, 5527
What are the prime factors of 2266356?
2, 3, 188863
What are the prime factors of 230475?
3, 5, 7, 439
What are the prime factors of 345059?
11, 13, 19, 127
What are the prime factors of 16463?
101, 163
List the prime factors of 30906307.
47, 657581
List the prime factors of 213522.
2, 3, 19, 1873
List the prime factors of 104964.
2, 3, 8747
List the prime factors of 290777.
313, 929
List the prime factors of 5074366.
2, 11, 230653
What are the prime factors of 1141905?
3, 5, 269, 283
What are the prime factors of 4001870?
2, 5, 400187
List the prime factors of 611596.
2, 152899
What are the prime factors of 1239251?
13, 95327
List the prime factors of 2382845.
5, 43, 11083
List the prime factors of 5026746.
2, 3, 37, 22643
List the prime factors of 2059472.
2, 128717
What are the prime factors of 9524569?
9524569
What are the prime factors of 15871391?
769, 20639
List the prime factors of 522730.
2, 5, 13, 4021
List the prime factors of 183566.
2, 17, 5399
What are the prime factors of 355778?
2, 177889
What are the prime factors of 25469197?
13, 31, 63199
List the prime factors of 35017770.
2, 3, 5, 179, 6521
List the prime factors of 8647071.
3, 19, 151703
List the prime factors of 1208274.
2, 3, 277, 727
List the prime factors of 803656.
2, 7, 113, 127
What are the prime factors of 4147290?
2, 3, 5, 7, 29, 227
What are the prime factors of 106302?
2, 3, 7, 2531
What are the prime factors of 136169?
11, 12379
List the prime factors of 187476.
2, 3, 17, 919
What are the prime factors of 2172598?
2, 1086299
List the prime factors of 7929440.
2, 5, 49559
What are the prime factors of 37351?
41, 911
List the prime factors of 77993.
23, 3391
List the prime factors of 1166975.
5, 46679
List the prime factors of 17885810.
2, 5, 61, 109, 269
What are the prime factors of 4477766?
2, 17, 61, 127
List the prime factors of 2576863.
2576863
List the prime factors of 5146976.
2, 41, 3923
What are the prime factors of 996447?
3, 37, 47, 191
What are the prime factors of 193724?
2, 19, 2549
List the prime factors of 321536.
2, 157
What are the prime factors of 14476?
2, 7, 11, 47
List the prime factors of 706318.
2, 43, 191
List the prime factors of 1295794.
2, 257, 2521
List the prime factors of 2617979.
7, 13, 2213
List the prime factors of 2270372.
2, 13, 43661
List the prime factors of 108341.
17, 6373
What are the prime factors of 2486428?
2, 7, 88801
What are the prime factors of 869492?
2, 13, 23, 727
What are the prime factors of 996276?
2, 3, 83023
What are the prime factors of 829215?
3, 5, 18427
What are the prime factors of 7615286?
2, 7, 17, 653
List the prime factors of 1985256.
2, 3, 7, 13, 101
List the prime factors of 253500.
2, 3, 5, 13
What are the prime factors of 1751625?
3, 5, 173
List the prime factors of 535827.
3, 178609
List the prime factors of 1942368.
2, 3, 20233
What are the prime factors of 2287285?
5, 7, 11, 13, 457
What are the prime factors of 505465?
5, 43, 2351
What are the prime factors of 629102?
2, 17, 18503
List the prime factors of 536379.
3, 178793
List the prime factors of 9986566.
2, 4993283
What are the prime factors of 14487412?
2, 571, 6343
List the prime factors of 1238543.
31, 39953
What are the prime factors of 12151988?
2, 257, 11821
List the prime factors of 5174022.
2, 3, 7, 123191
What are the prime factors of 272104?
2, 7, 43, 113
List the prime factors of 12762513.
3, 223, 6359
What are the prime factors of 1275132?
2, 3, 106261
List the prime factors of 27115.
5, 11, 17, 29
What are the prime factors of 1116736?
2, 17449
List the prime factors of 1034578.
2, 517289
What are the prime factors of 5163362?
2, 23, 112247
List the prime factors of 35861036.
2, 313, 28643
List the prime factors of 1840397.
13, 19, 7451
List the prime factors of 958780.
2, 5, 47939
What are the prime factors of 302619?
3, 149, 677
List the prime factors of 274912.
2, 11, 71
List the prime factors of 827697.
3, 13, 19, 1117
List the prime factors of 371428.
2, 92857
What are the prime factors of 1124588?
2, 263, 1069
What are the prime factors of 984763?
13, 5827
What are the prime factors of 1390499?
11, 83, 1523
What are the prime factors of 15181242?
2, 3, 23, 4783
List the prime factors of 9900028.
2, 23, 107609
What are the prime factors of 113837?
113837
List the prime factors of 558164.
2, 23, 6067
What are the prime factors of 56130?
2, 3, 5, 1871
What are the prime factors of 582528?
2, 3, 37, 41
What are the prime factors of 391263?
3, 41, 3181
What are the prime factors of 448957?
79, 5683
What are the prime factors of 19559344?
2, 7, 174637
What are the prime factors of 89086?
2, 44543
List the prime factors of 301939.
11, 27449
What are the prime factors of 1132?
2, 283
List the prime factors of 22236.
2, 3, 17, 109
What are the prime factors of 305877?
3, 11, 13, 23, 31
List the prime factors of 203145.
3, 5, 29, 467
What are the prime factors of 1579424?
2, 7, 11, 641
List the prime factors of 375853.
17, 22109
What are the prime factors of 4498650?
2, 3, 5, 13, 769
What are the prime factors of 1209708?
2, 3, 23, 487
List the prime factors of 22034610.
2, 3